hat is the tens digit of d?
9
Suppose 30 = 3*p - 7*c + 2*c, 4*c + 17 = p. Suppose 123 = -p*y + u, -4*u - 5 = 3. Let k = -3 - y. What is the tens digit of k?
2
Suppose 174 = 2*s - 114. Suppose -2*l = 4*i - 144, 2*l - i - i = s. Let m = l - 19. What is the tens digit of m?
5
Let l be ((-13)/2)/(19/(-1938)). Let v = l + -433. What is the hundreds digit of v?
2
Let w = -307 + 294. Let o = 464 + w. What is the units digit of o?
1
Let j(f) = 6*f - 21. Suppose -2*y = 3*y - 20. Suppose 3*k = 2*o + 62 - 19, -y*o + 79 = 5*k. What is the tens digit of j(k)?
6
Suppose -8 = -5*x + 3*f, -x + 2*f - 7 + 3 = 0. Suppose 2*w + p + 7 = 3*w, x*w - 5*p = 29. Suppose -h - 810 = -w*h + q, 0 = -2*q. What is the tens digit of h?
6
Suppose -11*p + 52*p - 264327 = 0. What is the tens digit of p?
4
Suppose 0*g - 2 = -g. Suppose 246 = g*t - 5*t. Let b = t + 147. What is the units digit of b?
5
Suppose 2*u = 21*u + 13*u - 545792. What is the units digit of u?
6
Let j(r) = 269*r - 245*r - 687*r + 18. What is the units digit of j(-1)?
1
Suppose -3*u + 3*v + 26124 = 0, -17409 = -2*u + 480*v - 477*v. What is the units digit of u?
5
Suppose -3*o = 0, o + 3 = -2*q + 7. Suppose q*t - 142 = 2*r, 8*t - 5*t - 4*r - 209 = 0. What is the units digit of t?
5
Let g(w) = w**3 - 25*w**2 - 16*w + 16. Let k be g(25). Let v = -80 - k. What is the tens digit of v?
0
Suppose 381*c - 379*c = -2*w + 136260, 0 = 2*w + 3*c - 136256. What is the hundreds digit of w?
1
Let t(i) = -i**2 - 14*i - 30. Let v be t(-11). Suppose 28 = 4*o + v*o. Suppose -114 = -o*z + 14. What is the units digit of z?
2
Let k(m) = -16719*m**3 - m**2 + 49*m + 51. What is the tens digit of k(-1)?
2
Let a be (-260)/140 - (-2)/(-14). Let j be (-1 + -17)/(3/a). What is the units digit of (j/(-4))/3*1*-83?
3
Suppose -3*v = v - 2*v. Suppose 12*g - 3115 - 1805 = v. What is the tens digit of g?
1
Let o(x) = -180*x + 53. Let c be o(-5). Let l = c - 473. What is the units digit of l?
0
Let w = 2464 - -1777. What is the units digit of w?
1
Let s(v) = -2*v**3 - 8*v**2 - v - 13. Let i = -447 - -439. What is the hundreds digit of s(i)?
5
Suppose 3*i + 41 + 7 = 3*f, 0 = -2*f + i + 33. Suppose 1983 = 3*q - 3*b, 0 = -f*b + 12*b. What is the units digit of q?
1
Let c be (-2)/(-5)*(240/6)/8. Suppose 16*y - 19*y - 3*l = -270, c*l + 84 = y. What is the tens digit of y?
8
What is the tens digit of 4365557/820*4 - (-4)/(-10)?
9
Suppose 0 = -2*h - 5*t + 36, -4*h - 2*t + 54 = -34. Let b = 25 - h. Suppose 6*p - c - 332 = p, 3*c = b*p - 138. What is the units digit of p?
6
Suppose 4*o + 0*o = 1260. Suppose -26*d + 27*d = -2*i + 23, -d = 5*i - 56. Suppose -6*q - o = -i*q. What is the units digit of q?
3
Let w be 112/18 - 6/27. Let c = 234 + -231. Suppose 15 + w = c*h. What is the units digit of h?
7
Let c(g) = -g**3 - 41*g**2 + 41*g - 28. What is the units digit of c(-56)?
6
Let a be (-306)/(-36) - 2/((-12)/9). Suppose a*t - 1526 = 184. What is the tens digit of t?
7
Let s(f) = 7*f - 173. Let x(u) = u - 1. Let c(b) = -s(b) - 6*x(b). What is the hundreds digit of c(-18)?
4
Suppose 64*k - 74*k = -392370. Suppose -14*g - 19*g + k = 0. What is the thousands digit of g?
1
Let j = 782 + 2689. What is the tens digit of j?
7
Suppose 0 = 113*r - 122*r + 34920. Suppose x + r = 3*b, 5*x + 3109 + 2068 = 4*b. What is the hundreds digit of b?
2
Suppose -x + 30 = 4*x. Let c(a) = 6*a**2 - 12*a - 12. Let l be c(x). Suppose 0 = -10*g + 1628 + l. What is the hundreds digit of g?
1
Suppose -4*b + b = -5*v - 295, -193 = 3*v - 5*b. Let g = -52 - v. Suppose -g*u + 16 = 8. What is the units digit of u?
2
Suppose 45*y - 11433 + 201368 = 50*y. What is the tens digit of y?
8
Let x(j) = 1973*j**2 - 18*j + 38. What is the tens digit of x(2)?
9
Let g(p) = -75*p - 218. Let t be g(-3). What is the units digit of (-6 - ((-67116)/18)/t)*3?
0
What is the units digit of ((-5146)/4)/(7*(-17)/714)?
9
Let w = -64 - -84. Suppose -g + 44 - w = 0. Suppose 2*c - 5*b = 70, -b - 3 = c - g. What is the units digit of c?
5
Let b(c) = -24*c + 15. Let s be b(6). Let i = s + 130. Let a(q) = 193*q**3 - q**2 + q. What is the hundreds digit of a(i)?
1
Let v be -4*((-20)/(-8) + -3). Suppose -q = -4*q + 9, 4 = -y + v*q. Suppose -y*u = 3*u - t - 445, 171 = 2*u + t. What is the tens digit of u?
8
Suppose -188*f = -198*f + 20. Suppose 2*n - f*g - 260 = 1414, -3*g = 4*n - 3327. What is the tens digit of n?
3
Let h = -4422 - -21694. What is the tens digit of h?
7
Let a be 7*(6/5)/((-81)/2295). Suppose 0 = d + 5*o - 180, 2*o = d - o - 164. What is the units digit of a/(-18) - (4 + d/(-45))?
3
Suppose 42 = -f - 3. What is the hundreds digit of 27/f*(-545)/1?
3
Let m be (-1 + 37/5)*10. Suppose -35004 = -2*h + 4*c, 2*h - 2*c - 1196 = 33794. What is the hundreds digit of 1/(-4) + h/m?
2
Let v(a) = a**2 - 6*a - 5. Let f be v(-1). What is the tens digit of (-9 - (-21298)/14) + f/(-7)?
1
Let h be ((-5)/10)/((-3)/108). Let z be 162*2*(-2)/(-6). Suppose -y + z + h = 0. What is the hundreds digit of y?
1
Suppose 7*z - 6*z - 3 = 0. Let n(h) = -2 + 4*h**2 - 7 - 9*h + 3*h**2 - h**2 + h**z. What is the units digit of n(-7)?
5
Let t(o) = -3*o**3 - 4*o**2 + o - 9. Let d be t(-4). Suppose -b = -6*b + d. Suppose 0 = 3*p - p - 2*g + 6, 5*g - b = p. What is the units digit of p?
2
Suppose 2*m - 121061 + 30237 = 2*s, -227087 = -5*m + 2*s. What is the tens digit of m?
2
Let r = -43 - -25. Let z = r - -124. What is the units digit of (-2 + z/(-10))/(3/(-10))?
2
Suppose 0 = -28*a + 197261 - 40632 + 73895. What is the hundreds digit of a?
2
Suppose 70*i + 19*i = -160*i + 1333644. What is the units digit of i?
6
Let n(u) = 786*u - 3442. What is the units digit of n(93)?
6
Let w = 98 - 140. Let a = 301 + w. What is the hundreds digit of a?
2
Let r be 8/(-6) - (-248)/(-93). What is the units digit of (-34)/(-68) - 334/r?
4
Let l(v) = -2*v**2 - 22*v + 41. Let d(u) = 3*u**2 + 41*u - 82. Let q(y) = -6*d(y) - 11*l(y). What is the hundreds digit of q(5)?
1
Let z = 12376 + 17933. What is the hundreds digit of z?
3
Let n = -18920 + 27535. What is the hundreds digit of n?
6
Let f = -28623 + 42377. What is the hundreds digit of f?
7
Let q(x) be the third derivative of 5*x**2 - 1/2*x**3 + 0 + 2/5*x**5 - 1/8*x**4 + 0*x. What is the tens digit of q(-1)?
2
Suppose 4*h - 215920 = -2*c, -5*h + 2*c = -72561 - 197357. What is the hundreds digit of h?
9
Let y(b) = 603*b + 9916. What is the hundreds digit of y(6)?
5
Let m be (-24)/18 + (-145)/(-3). Let q = 69 - m. Let f = 69 - q. What is the units digit of f?
7
Suppose 3*w - 9 = 0, 3*o - w - 4907 = 3997. What is the hundreds digit of o?
9
Let h(t) = 18*t + 92. Let g = 71 + -52. What is the hundreds digit of h(g)?
4
Suppose 18*p - 216 = 6*p. Suppose 3*f - p*b + 19*b = 21, -4*b - 52 = -5*f. What is the units digit of f?
8
Suppose -15*g = -16*g + 225. Suppose g = -2*o + 1061. What is the hundreds digit of o?
4
Suppose -328995 - 11746 = -34*f + 343237. What is the ten thousands digit of f?
2
Let i = 6638 - 4562. What is the units digit of i?
6
Let c be 11757/11 + 12/66. Suppose 2*n - c = -2*l - l, -l - 3*n = -354. Suppose y = 3*u + 6*y - 208, -2*y = -5*u + l. What is the units digit of u?
1
Suppose -c = 0, 4*u - c - 41280 - 62397 = -21121. What is the hundreds digit of u?
6
Let f = -1476 - -1628. What is the units digit of f?
2
Suppose u = -2*u - 2*o - 104, -2*u + o = 74. Let i be -1*4/2 - (-1 + u). Let b = 43 - i. What is the units digit of b?
8
Let a be -1 + (14668/18 - (-10)/90). Let t be 17/(-4)*(a - 2)/(-7). Let m = -194 + t. What is the hundreds digit of m?
2
What is the thousands digit of (352/55 - 7) + 1555030/50?
1
Let s be 1 + (5 - 0 - 4). Suppose 0 = -k + 2*i + 586, 4*k + s*i - 2316 = 3*i. What is the tens digit of k?
7
Suppose 3*s = -3*y + 26427, -23*s + 18*s + y = -44069. What is the units digit of s?
3
What is the units digit of (-173800)/(-990) + 4/(-9)*-1?
6
Suppose -67*m + 203*m - 1725690 = -47*m. What is the tens digit of m?
3
Let p(d) be the third derivative of d**6/120 - 3*d**5/20 - 2*d**4/3 + 5*d**3/2 - d**2. What is the units digit of p(11)?
1
Let w = -500 - -1105. Suppose -7247 = -13*a + w. What is the units digit of a?
4
Let v(p) be the second derivative of p**3 + 12*p**2 - 84*p. What is the units digit of v(6)?
0
Suppose -4877 = -3*n + 17689. What is the units digit of n?
2
Let n = -